*4/2 - t**3/6 - 3*t**2/2 - 5*t + 4. Let q(d) be the first derivative of n(d). Calculate q(-6).
3
Let j(o) be the second derivative of o**4/12 - 4*o**3/3 + 4*o**2 + 19*o. What is j(6)?
-4
Let j(p) = p**3 + 2*p**2 - 2*p - 8. Let a(t) be the second derivative of t**5/20 + t**4/12 - t**3/3 - 9*t**2/2 + 9*t. Let v(s) = 3*a(s) - 4*j(s). What is v(-5)?
-5
Suppose 0 + 0 = 6*y. Let q(x) = -x**3 - x**2 - 6. Determine q(y).
-6
Let y(r) = r**3 - r**2 - r + 1. Let f be y(1). Let s = f + -4. Let b(l) = -l**2 + 6*l + 4. Let i(z) = -z**2. Let a(o) = b(o) - 2*i(o). Give a(s).
-4
Suppose n = -3*m + 10 - 0, 5*m = 5*n - 10. Let v(a) = -6 + n + 6 + a - 2. What is v(-4)?
-2
Let k(o) = o**3 - 7*o**2 + 6*o + 5. Let y(c) = c**3 - 5*c**2 + 6. Let w be y(5). Let l be k(w). Let d = -3 + l. Let m(b) = b**2 + b + 2. What is m(d)?
8
Let g(f) = f**3 - 6*f**2 + 6*f + 4. Let s be (-3)/(0 + -3) + -1. Let x be 5*((0 - s) + 1). Calculate g(x).
9
Let s be (-3*2/8)/((-459)/1224). Let v(f) be the second derivative of 0*f**2 + 0 - 1/12*f**4 - f + 1/20*f**5 - 1/6*f**3. What is v(s)?
2
Let w(t) = 3*t + 5. Let i(f) = 2*f**2 + 6*f. Let m be i(-4). Let k be ((-4)/(-8))/(-1)*m. Calculate w(k).
-7
Let q(z) = -2*z**3 + z**2 - 4*z + 10. Let u(o) = 5*o**3 - 3*o**2 + 11*o - 30. Let p(l) = 8*q(l) + 3*u(l). What is p(0)?
-10
Let r(h) = -h**3 - 5*h**2 + 6*h - 1. Suppose -7 = 4*t + 17. Calculate r(t).
-1
Let w(q) = q**3 - 3*q**2 + 2. Let b(o) = -o**3 - 6*o**2 + o + 8. Let t be b(-6). Let x be (-3)/(t*3/(-6)). Calculate w(x).
2
Let t(d) = -d - 4. Let z(m) = m - 1. Let o be z(0). Let v(c) = 1. Let k(w) = -5. Let x(f) = o*k(f) - 4*v(f). Let u(r) = t(r) + 3*x(r). Give u(2).
-3
Let z(s) = 7*s + 1. Suppose -8*q + 15 = -3*q - 4*f, -4*q - f - 9 = 0. What is z(q)?
-6
Let r(f) = -2*f + 3*f - 1 + 0 + 0. Suppose 2*j = 8 - 0. Determine r(j).
3
Let y(a) = -2*a - 6. Let v be y(-7). Let m(r) = r - 2 + v*r**3 - 2*r - r**2 - 7*r**3. What is m(0)?
-2
Let f be (-2 - -3) + 56/(-8). Let m(o) = o + 8. What is m(f)?
2
Let o(j) = -j - 4. Let t be o(-6). Let l(w) = 0*w**2 + 0*w**t - 3*w + 4*w - 8*w**2. What is l(1)?
-7
Let s(r) be the first derivative of r**4/4 + 8*r**3/3 + 7*r**2/2 - 7*r + 32. Calculate s(-7).
-7
Suppose 0*w + r + 16 = 3*w, 0 = 5*r + 20. Let z(v) = 1. Let l(o) = -o + 4. Let i(g) = l(g) - 5*z(g). Determine i(w).
-5
Suppose k + 2*r + 0*r = 12, 36 = 5*k - 2*r. Suppose 12 = 4*s - k. Let i(j) = -19*j + 3. Let t(b) = -10*b + 2. Let m(q) = s*t(q) - 3*i(q). What is m(1)?
8
Let x be (3/(-4))/((-1)/4). Let r(w) = -w - 8. Let g(i) be the first derivative of -3*i**2/2 - 17*i + 2. Let q(u) = -4*g(u) + 9*r(u). What is q(x)?
5
Let x(i) = 4 - 10*i**2 + 18*i**2 - 9*i**2 + 0. Determine x(3).
-5
Let g(q) = -2*q + 3. Suppose 5*f - 15 = -a - 4*a, -4*a - 5*f = -13. Let i be 1/((2 - 1)/a). Suppose 15 = 3*y + i*y. Calculate g(y).
-3
Let d be ((-6)/(-9))/((-4)/(-6)). Let r(t) be the first derivative of t**2/2 - t - 2. Determine r(d).
0
Let h(n) = -n**2 + 2*n + 5. Suppose d - 2 = 3. What is h(d)?
-10
Let w(f) = -11*f**2 - 5*f. Let b(g) = 5*g**2 + 2*g. Let t(i) = 7*b(i) + 3*w(i). Suppose 2*u + 1 = m, -4*m + 2*u = -2*u. Determine t(m).
3
Let v(p) = 16*p**2 + p - 1. Suppose 0 = t - 0 - 1. What is v(t)?
16
Let q(s) = -s**3 - 5*s**2 + 8*s + 11. Let k be q(-6). Let w = k - 2. Let c(d) = d**2 + d + 3. Determine c(w).
9
Let z = 38 + -35. Let o(x) be the second derivative of -1/6*x**4 + 0 + 4*x + 1/2*x**z - 3/2*x**2. Determine o(3).
-12
Let p(u) = 45 - 19 + u**2 - 2*u**2 - 24 + u. Determine p(2).
0
Suppose -3*v - 4*q - 6 = -q, 0 = v + 2*q + 7. Suppose 7*m - 4*m - i = -10, 0 = -4*m + v*i - 20. Let a = m + 0. Let k(t) = -5*t - 2. Calculate k(a).
8
Let q(y) = y**3 - 3*y**2 - 4*y - 1. Let s be (-11)/(-3) - (-7)/21. What is q(s)?
-1
Let i(r) = r**3 - 5*r**2 - 6*r - 3. Suppose -6 = 2*o, -o = 3*c - 21 + 6. Give i(c).
-3
Let u be ((-9)/(-3))/(1*3). Let r(b) = -13*b**3 + 3*b**2 + 1. Let i(k) = 13*k**3 - 4*k**2 - 1. Let j(m) = -4*i(m) - 5*r(m). Calculate j(u).
13
Let y be (-68)/(-18) - (-6)/27. Let s(n) be the second derivative of -2*n - 7/2*n**2 + 0 + 1/6*n**3. What is s(y)?
-3
Suppose 4*i - 12 = 8. Let r(p) = -i*p**3 - 3 - 5 + 4*p**3 + 2. Suppose -o + 3*t = o - 3, 0 = 4*o + t + 1. What is r(o)?
-6
Let v be -3*(-1 + (-6)/(-3)). Let g be v*(-1 - (-10)/6). Let u(i) = -3 - 4*i**2 + 4*i**2 - 4*i - 2*i**2. Determine u(g).
-3
Let g be (-22)/(-6) + 2/6. Let k be (g/6)/(1/(-3)). Let m(c) = -2*c**2 - c. Determine m(k).
-6
Let d(r) = 8 - 17 + 4 + r + r**3 + 6*r**2. What is d(-5)?
15
Suppose -l - 4*q = -1 + 11, 0 = -l + 3*q + 11. Let p(f) = -f + 2. Let i be p(-1). Let a(t) = -3 + 4 + 10*t**2 - i*t**2 + l*t. What is a(-1)?
6
Let y = 4 + -5. Let w be (-1 - -3)/2*y. Let z(f) be the second derivative of f**5/5 + f**3/3 + f**2/2 + 6*f. Give z(w).
-5
Let n(o) = 3*o + 18. Let b be n(-4). Let l(t) = t**3 - 10*t**2 - 11*t - 7. Let x(a) = -a**2 - a - 1. Let k(h) = l(h) - 5*x(h). Calculate k(b).
-2
Let g(h) = 2*h**2 - 19*h + 4. Let b be g(9). Let m(x) = -x**2 - 5*x + 7. What is m(b)?
7
Let q(i) be the first derivative of -i**4/4 - 5*i**3/3 - 5*i**2/2 - 2*i - 58. What is q(-4)?
2
Let w(d) = 0*d - 2 + 0 + d - 5. Let i be w(7). Let j(b) = -b**3 + b**2 - b + 13. What is j(i)?
13
Let f(k) = -k - 5. Let g = 46 + -31. Let w = g + -19. Give f(w).
-1
Let g(a) = -3*a - 2*a - 4425 + 4413 + 4*a. Suppose -2*z + d - 19 = 0, d + 4*d - 5 = 0. Give g(z).
-3
Let m(c) = -2*c + 5*c**2 - 2 - 3 + 6 + 2. Let d(o) = 11*o**2 - 5*o + 7. Let v(t) = 6*d(t) - 13*m(t). Calculate v(5).
8
Let a(t) = 3*t**3 - t**2 + t + 1. Suppose -8*d + 4*d = -20, 4*r + 4*d - 76 = 0. Let z be 21/r*(-4)/6. Give a(z).
-4
Let o(t) = -t**3 - t. Let w be o(-1). Let h(c) = 1 + 3*c**3 + 6*c**w + 5*c - 2*c**3 - c**2. Let l be 870/(-203) - 2/(-7). Calculate h(l).
-3
Suppose 2*r = 3*i - 14 + 1, -12 = 3*i + 3*r. Let y(u) = 3*u**3 + 7*u**2 - 3*u + 2. Let v(z) = z**3 + z**2 + z + 1. Let q(g) = i*y(g) - 2*v(g). Calculate q(-6).
-6
Let w(h) = -h**2 + 6*h - 3. Let x = -33 + 38. What is w(x)?
2
Let q(y) = y**3 - 5*y**2 - 5*y - 7. Let x be q(6). Suppose 4*l - 16 = 2*h, -2*l + 0*l + 12 = h. Let a(r) = -3*r + h*r + 2*r. Calculate a(x).
-1
Let u(r) = 2*r - 5. Let v be 10/3*12/10. Let w be ((-3)/(-6))/1*8. Let c be 18/w + v/8. Determine u(c).
5
Let n(y) = y**3 + 5*y**2 - 6*y + 1. Let q(i) = -i**2 - i. Let x(v) = v**2 + 10*v - 14. Let l be x(-11). Let k be q(l). Calculate n(k).
1
Let d(x) = 2*x. Suppose -3*s + 6*s = 12. Suppose 0 = -s*c + 3 + 5. Determine d(c).
4
Let f(n) be the third derivative of -5*n**4/24 + 4*n**2. Calculate f(1).
-5
Suppose 8 - 28 = 4*b. Let a(w) be the first derivative of w**3/3 + 2*w**2 - 6*w + 8. Give a(b).
-1
Let m(w) be the second derivative of -1/12*w**4 - 1/2*w**2 + 0 - 2*w - 1/3*w**3. Let n(o) = o**3 - 4*o**2 - 6*o + 3. Let i be n(5). What is m(i)?
-1
Let p(n) = n**3 - 5*n**2 + 4*n + 4. Let z be p(4). Suppose z*u = 3 - 23. Let b(o) = -4*o - 3. Let r(j) = 5*j + 4. Let a(d) = -6*b(d) - 5*r(d). Determine a(u).
3
Suppose -2*p = -4*x, -5*x - 2 = 5*p - 17. Let q(s) = -5*s + 2*s**2 - 4 - 3*s**p + s + 1. Suppose 0 = 6*f - 2*f + 16. Determine q(f).
-3
Suppose -2*u + 1 - 9 = 0. Let g be (-2)/(1*2/u). Let d(x) = 0 - 2*x + 2 + 2. Determine d(g).
-4
Suppose m + 5*g - 8 - 7 = 0, -3 = -g. Let c(k) = k**3 + k**2 + 4. Calculate c(m).
4
Let m(k) be the first derivative of k**2/2 - 16*k - 2. Let b be m(8). Let n be (-4)/b - (-22)/(-4). Let z(r) = -r**2 - 5*r + 5. What is z(n)?
5
Let y be (2 + 0)/(2/(-3)). Let x(v) be the third derivative of 1/8*v**4 + 1/60*v**5 - v**2 + 1/3*v**3 + 0*v + 0. Give x(y).
2
Let w(c) be the second derivative of -c**6/360 + c**5/120 - c**4/6 - 2*c. Let t(v) be the third derivative of w(v). Calculate t(5).
-9
Let i(o) = 5*o**2 - 2*o - 1. Let u be 2*(0 - (-11)/2). Suppose 2 = 2*g - 5*x + u, -3*x = 2*g - 15. Suppose -2*y + 2*k - 7*k = 17, -k - g = 0. What is i(y)?
6
Let d be -3 + 3 + 3*1. Let v(f) = 3*f**3 + 4*f**2 - 6*f - 4. Let a(r) = -4*r**3 - 4*r**2 + 7*r + 4. Let p(s) = -4*a(s) - 5*v(s). What is p(d)?
1
Let z(i) be the second derivative of 3*i + 1/120*i**6 + 0 - 1/2*i**3 + 1/10*i**5 - 1/24*i**4 - i**2. Let q(h) be the first derivative of z(h). Calculate q(-6).
3
Let y(l) = l**2 - 2*l + 3. Suppose -8*f + 53 = 13. Calculate y(f).
18
Suppose p = 2*p. Let q(c) be the second derivative of -c**5/20 - c*